{"id":170,"date":"2021-05-23T12:20:00","date_gmt":"2021-05-23T12:20:00","guid":{"rendered":"http:\/\/sonntagstisch.de\/?page_id=170"},"modified":"2021-09-14T14:45:11","modified_gmt":"2021-09-14T14:45:11","slug":"datenschutz-2","status":"publish","type":"page","link":"https:\/\/www.sonntagstisch.de\/?page_id=170","title":{"rendered":"Datenschutz"},"content":{"rendered":"<h1>Datenschutzvereinbarungen<\/h1>\n<p>\u00a0<\/p>\n<p>In dieser Datenschutzerkl\u00e4rung informieren wir Sie \u00fcber die Verarbeitung ihrer personenbezogenen Daten.<\/p>\n<h2>Verantwortlich<\/h2>\n<p>Alois Dhom<br \/>Pommernstra\u00dfe 7<br \/>55545 Bad Kreuznach<\/p>\n<h2>Embeddings<\/h2>\n<h3>Google Maps<\/h3>\n<p>Im Fall der Erteilung ihrer Einwilligung verarbeiten wir mit dem Dienst <a href=\"https:\/\/www.google.at\/maps\">Google Maps<\/a>, Google LLC, Amphitheatre Parkway, Mountain View, CA 94043, USA, als gemeinsame Verantwortliche ihre personenbezogenen Daten zum Zweck der Anzeige interaktiver Karten auf unserer Website.<\/p>\n<p>Wir erm\u00f6glichen dem Dienst die Erhebung von Verbindungsdaten, die Erhebung von Daten ihres Webbrowsers sowie die Platzierung eines Werbecookies. Durch die Platzierung von Werbecookies ist es Google m\u00f6glich, f\u00fcr jeden Nutzer eine individuelle User-ID zu berechnen. Diese zur eindeutigen Identifizierung geeigneten personenbezogenen Daten werden sodann im Rahmen des von Google betriebenen Werbenetzwerks verarbeitet.<\/p>\n<p>Soweit durch Google eine weitergehende eigenst\u00e4ndige Verarbeitung der Daten insbesondere im Rahmen des Werbenetzwerkes von Google erfolgt, ist Google daf\u00fcr alleinige Verantwortliche. Details finden Sie in der <a href=\"https:\/\/policies.google.com\/privacy?gl=AT&amp;hl=de#intro\" target=\"_blank\" rel=\"noopener\">Datenschutzerkl\u00e4rung<\/a> von Google.<\/p>\n<p>Die Nichterteilung der Einwilligung hat lediglich zur Folge, dass Ihnen der Dienst Google Maps nicht zur Verf\u00fcgung gestellt wird. Eine bereits erteilte Einwilligung k\u00f6nnen Sie widerrufen, indem Sie die <a class=\"lwb-ppsp\" title=\"Datenschutzeinstellungen\" href=\"https:\/\/www.dhom.de\/datenschutz\/#\">Datenschutzeinstellungen<\/a> \u00e4ndern.<\/p>\n<p>Die Rechtsgrundlage f\u00fcr die Datenverarbeitung ist ihre Einwilligung gem\u00e4\u00df Art. 6 Abs 1 lit. a DSGVO. Die Rechtsgrundlage f\u00fcr die \u00dcbermittlung in die USA ist der Durchf\u00fchrungsbeschluss der EU-Kommission <a title=\"C\/2016\/4176\" href=\"https:\/\/op.europa.eu\/en\/publication-detail\/-\/publication\/c183d956-57a6-11e6-89bd-01aa75ed71a1\/language-de\/\">C\/2016\/4176<\/a> sowie die erfolgte <a title=\"Privacy Shield\" href=\"https:\/\/www.privacyshield.gov\/participant?id=a2zt000000001L5AAI\">Privacy Shield Zertifizierung<\/a>.<\/p>\n<p>\u00a0<\/p>\n<h2>Widerspruchsrecht<\/h2>\n<p>\u00a0<\/p>\n<p>Sofern die Verarbeitung Ihrer personenbezogenen Daten auf Grundlage des berechtigten Interesses erfolgt, haben Sie das Recht gegen dieser Verarbeitung zu widersprechen.<\/p>\n<p>Sofern keine zwingenden schutzw\u00fcrdigen Gr\u00fcnde f\u00fcr die Verarbeitung unsererseits vorliegen, wird die Verarbeitung Ihrer Daten auf Basis dieser Rechtsgrundlage eingestellt.<\/p>\n<p>Zudem haben Sie das Recht, der Verarbeitung Ihrer personenbezogenen Daten zum Zweck der Direktwerbung zu widersprechen. Im Fall des Widerspruchs werden Ihre personenbezogenen Daten nicht mehr zum Zweck der Direktwerbung verarbeitet.<\/p>\n<p>Die Rechtm\u00e4\u00dfigkeit der bis zum Widerspruch verarbeiteten Daten wird durch den Widerspruch nicht ber\u00fchrt.<\/p>\n<p>\u00a0<\/p>\n<h2>Widerrufsrecht<\/h2>\n<p>\u00a0<\/p>\n<p>Sie haben das Recht eine bereits erteilte Einwilligung jederzeit zu widerrufen, indem Sie die <a class=\"lwb-ppsp\" title=\"Datenschutzeinstellungen\" href=\"https:\/\/www.dhom.de\/datenschutz\/#\">Datenschutzeinstellungen<\/a> \u00e4ndern.<\/p>\n<p>Im Fall der Einwilligung in den Erhalt elektronischer Werbung kann der Widerruf Ihrer Einwilligung durch Klick auf den Abmeldelink erfolgen. In diesem Fall wird eine Verarbeitung, sofern keine andere Rechtsgrundlage besteht, eingestellt.<\/p>\n<p>Die Rechtm\u00e4\u00dfigkeit der bis zum Widerruf verarbeiteten Daten wird durch den Widerruf nicht ber\u00fchrt.<\/p>\n<p>\u00a0<\/p>\n<h2>Betroffenenrechte<\/h2>\n<p>\u00a0<\/p>\n<p>Sie haben zudem das Recht auf Auskunft, Berichtigung, L\u00f6schung und Einschr\u00e4nkung der Verarbeitung der personenbezogenen Daten.<\/p>\n<p>Soweit die Rechtsgrundlage der Verarbeitung Ihrer personenbezogenen Daten in Ihrer Einwilligung oder in einem mit Ihnen abgeschlossenen Vertrag besteht, haben Sie \u00fcberdies das Recht auf Daten\u00fcbertragbarkeit.<\/p>\n<p>Weiters haben Sie das Recht auf Beschwerde bei der Aufsichtsbeh\u00f6rde. N\u00e4here Informationen zu den Aufsichtsbeh\u00f6rden in der Europ\u00e4ischen Union finden Sie <a title=\"Datenschutzbeh\u00f6rden\" href=\"https:\/\/ec.europa.eu\/justice\/article-29\/structure\/data-protection-authorities\/index_en.htm\">hier<\/a>.<\/p>\n\n\n<p><\/p>\n","protected":false},"excerpt":{"rendered":"<p>Datenschutzvereinbarungen \u00a0 In dieser Datenschutzerkl\u00e4rung informieren wir Sie \u00fcber die Verarbeitung ihrer personenbezogenen Daten. Verantwortlich Alois DhomPommernstra\u00dfe 755545 Bad Kreuznach Embeddings Google Maps Im Fall der Erteilung ihrer Einwilligung verarbeiten wir mit dem Dienst Google Maps, Google LLC, Amphitheatre Parkway, &hellip; <a href=\"https:\/\/www.sonntagstisch.de\/?page_id=170\">Weiterlesen <span class=\"meta-nav\">&rarr;<\/span><\/a><\/p>\n","protected":false},"author":4,"featured_media":0,"parent":0,"menu_order":0,"comment_status":"closed","ping_status":"closed","template":"","meta":{"footnotes":""},"class_list":["post-170","page","type-page","status-publish","hentry"],"_links":{"self":[{"href":"https:\/\/www.sonntagstisch.de\/index.php?rest_route=\/wp\/v2\/pages\/170","targetHints":{"allow":["GET"]}}],"collection":[{"href":"https:\/\/www.sonntagstisch.de\/index.php?rest_route=\/wp\/v2\/pages"}],"about":[{"href":"https:\/\/www.sonntagstisch.de\/index.php?rest_route=\/wp\/v2\/types\/page"}],"author":[{"embeddable":true,"href":"https:\/\/www.sonntagstisch.de\/index.php?rest_route=\/wp\/v2\/users\/4"}],"replies":[{"embeddable":true,"href":"https:\/\/www.sonntagstisch.de\/index.php?rest_route=%2Fwp%2Fv2%2Fcomments&post=170"}],"version-history":[{"count":3,"href":"https:\/\/www.sonntagstisch.de\/index.php?rest_route=\/wp\/v2\/pages\/170\/revisions"}],"predecessor-version":[{"id":281,"href":"https:\/\/www.sonntagstisch.de\/index.php?rest_route=\/wp\/v2\/pages\/170\/revisions\/281"}],"wp:attachment":[{"href":"https:\/\/www.sonntagstisch.de\/index.php?rest_route=%2Fwp%2Fv2%2Fmedia&parent=170"}],"curies":[{"name":"wp","href":"https:\/\/api.w.org\/{rel}","templated":true}]}}